{"id":2,"date":"2023-09-02T08:33:21","date_gmt":"2023-09-02T08:33:21","guid":{"rendered":"https:\/\/pacoelventero.com\/?page_id=2"},"modified":"2025-07-29T10:30:58","modified_gmt":"2025-07-29T10:30:58","slug":"sample-page","status":"publish","type":"page","link":"https:\/\/pacoelventero.com\/","title":{"rendered":""},"content":{"rendered":"\n<h1 class=\"wp-block-heading has-text-align-center p1\"><em><b>La Casa de Paco el Ventero:<\/b><\/em><\/h1>\n\n\n\n<p class=\"p2\"><strong>Conoce nuestra <b>Historia<\/b>:<\/strong><\/p>\n\n\n\n<p class=\"p3\">Despu\u00e9s de la guerra mi abuelo Paco sali\u00f3 de Berja para buscarse la vida. Conoci\u00f3 a mi abuela Dolores y tuvieron tres hijos: Lola, Paqui y Diego.<\/p>\n\n\n\n<p class=\"p3\">Se compr\u00f3 un cortijo en el r\u00edo, en el camino de la Sierra de Cac\u00edn por el que pasaban los mulos y caballos que iban de la sierra a la capital <br>(de Laujar a Canj\u00e1yar).<\/p>\n\n\n\n<p class=\"p3\">En ese cortijo ofrec\u00eda productos del campo y el queso que hac\u00eda con la leche de las cabras que ten\u00eda. Como el camino era largo, algunas personas se quedaban a hacer noche en el cortijo, con lo cual se convirti\u00f3 en una venta. As\u00ed empez\u00f3 la trayectoria de su nombre: el Ventero.<\/p>\n\n\n\n<p class=\"p3\">Cuando volv\u00eda al pueblo, en Alm\u00f3cita, la gente lo conoc\u00eda con el nombre de Paco el Ventero. Su casa era la actual, que ahora se ha modernizado convirtiendo los antiguos corrales y los secaderos en peque\u00f1as habitaciones para hacer noche en Alm\u00f3cita.<\/p>\n\n\n\n<p class=\"p3\">De ah\u00ed ha surgido la idea de llamar a su casa, que es la misma que la de ahora en su forma b\u00e1sica: \u00abLa Casa de Paco el Ventero\u00bb.<\/p>\n\n\n\n<p><strong>Habitaciones:<\/strong><\/p>\n\n\n\n<p>Las habitaciones son cuatro, de dos plazas cada una. Dos habitaciones disponen de camas de 1&#8217;50m. x 2&#8217;00m. y de 1&#8217;50m. x 1&#8217;80m. con armarios. Las otras dos habitaciones disponen de dos camas individuales de 0&#8217;90m. x 1&#8217;80m. Adem\u00e1s de las habitaciones, se dispone de una cocina integrada en un sal\u00f3n comedor contiguo y un aseo con inodoro y ducha.<\/p>\n\n\n\n<p>Habitaciones <strong>Los Bolillos:<\/strong><\/p>\n\n\n\n<p>Se llama as\u00ed porque cuando yo era peque\u00f1a, nos junt\u00e1bamos las muchachas en la habitaci\u00f3n que ten\u00eda un balc\u00f3n porque era la m\u00e1s soleada, sobre todo en invierno, y all\u00ed nos dedic\u00e1bamos a hacer labores: coser ropa, punto de cruz, vainica, hacer punto para bufandas y jerseys, pa\u00f1itos de ganchillo y puntas de bolillos. S\u00ed, hac\u00edamos puntas con bolillos. Eso me sorprendi\u00f3 tanto que he bautizado este apartamento con su nombre porque los \u00a1descubr\u00ed all\u00ed!<\/p>\n\n\n\n<p>Son dos habitaciones. Una de ellas dispone de una cama doble de 1&#8217;50m. x 1&#8217;80m. y la otra de dos camas individuales de 0&#8217;90m. x 2&#8217;00m. con un espacio de sal\u00f3n-comedor-cocina compartido y un aseo.<\/p>\n\n\n<style>.kb-image2_f1b9e6-5b .kb-image-has-overlay:after{opacity:0.3;}<\/style>\n<div class=\"wp-block-kadence-image kb-image2_f1b9e6-5b\"><figure class=\"aligncenter size-full\"><img loading=\"lazy\" decoding=\"async\" width=\"946\" height=\"334\" src=\"https:\/\/pacoelventero.com\/wp-content\/uploads\/2024\/07\/Imagen-1-Web.jpg\" alt=\"\" class=\"kb-img wp-image-27\" srcset=\"https:\/\/pacoelventero.com\/wp-content\/uploads\/2024\/07\/Imagen-1-Web.jpg 946w, https:\/\/pacoelventero.com\/wp-content\/uploads\/2024\/07\/Imagen-1-Web-300x106.jpg 300w, https:\/\/pacoelventero.com\/wp-content\/uploads\/2024\/07\/Imagen-1-Web-768x271.jpg 768w\" sizes=\"auto, (max-width: 946px) 100vw, 946px\" \/><\/figure><\/div>\n\n\n<style>.kb-image2_b9c67c-33 .kb-image-has-overlay:after{opacity:0.3;}<\/style>\n<div class=\"wp-block-kadence-image kb-image2_b9c67c-33\"><figure class=\"aligncenter size-large\"><img loading=\"lazy\" decoding=\"async\" width=\"782\" height=\"1024\" src=\"https:\/\/pacoelventero.com\/wp-content\/uploads\/2024\/07\/Imagen-2-Web-782x1024.jpg\" alt=\"\" class=\"kb-img wp-image-28\" srcset=\"https:\/\/pacoelventero.com\/wp-content\/uploads\/2024\/07\/Imagen-2-Web-782x1024.jpg 782w, https:\/\/pacoelventero.com\/wp-content\/uploads\/2024\/07\/Imagen-2-Web-229x300.jpg 229w, https:\/\/pacoelventero.com\/wp-content\/uploads\/2024\/07\/Imagen-2-Web-768x1006.jpg 768w, https:\/\/pacoelventero.com\/wp-content\/uploads\/2024\/07\/Imagen-2-Web.jpg 1090w\" sizes=\"auto, (max-width: 782px) 100vw, 782px\" \/><\/figure><\/div>\n\n\n\n<p>Habitaci\u00f3n <strong>El Secadero:<\/strong><\/p>\n\n\n\n<p>En el Secadero se colgaban los productos de la matanza, que se hac\u00eda en invierno una vez al a\u00f1o. Era la despensa de comida para toda la familia durante todo el tiempo restante hasta la matanza siguiente.<\/p>\n\n\n\n<p>Habitaci\u00f3n con cama doble de 1&#8217;50m x 2&#8217;00m, espacio de sal\u00f3n-comedor-cocina y aseo.<\/p>\n\n\n<style>.kb-image2_b580a2-aa .kb-image-has-overlay:after{opacity:0.3;}<\/style>\n<div class=\"wp-block-kadence-image kb-image2_b580a2-aa\"><figure class=\"aligncenter size-full\"><img loading=\"lazy\" decoding=\"async\" width=\"952\" height=\"986\" src=\"https:\/\/pacoelventero.com\/wp-content\/uploads\/2024\/07\/Imagen-3-Web.jpg\" alt=\"\" class=\"kb-img wp-image-29\" srcset=\"https:\/\/pacoelventero.com\/wp-content\/uploads\/2024\/07\/Imagen-3-Web.jpg 952w, https:\/\/pacoelventero.com\/wp-content\/uploads\/2024\/07\/Imagen-3-Web-290x300.jpg 290w, https:\/\/pacoelventero.com\/wp-content\/uploads\/2024\/07\/Imagen-3-Web-768x795.jpg 768w\" sizes=\"auto, (max-width: 952px) 100vw, 952px\" \/><\/figure><\/div>\n\n\n\n<p>Habitaci\u00f3n <strong>El Altillo:<\/strong><\/p>\n\n\n\n<p>El Altillo era la habitaci\u00f3n frente a la terraza. En la terraza se colocaban los tomates y pimientos para que se secaran al sol y luego se guardaban en el altillo.<\/p>\n\n\n\n<p>Habitaci\u00f3n con cama doble de 1&#8217;80m. x 2&#8217;00m. (estas camas se pueden separar y convertirse en dos camas individuales de 0&#8217;90m x 2&#8217;00m con espacio de sal\u00f3n-comedor-cocina y aseo.<\/p>\n\n\n<style>.kb-image2_e8c79a-91 .kb-image-has-overlay:after{opacity:0.3;}<\/style>\n<div class=\"wp-block-kadence-image kb-image2_e8c79a-91\"><figure class=\"aligncenter size-full\"><img loading=\"lazy\" decoding=\"async\" width=\"1002\" height=\"514\" src=\"https:\/\/pacoelventero.com\/wp-content\/uploads\/2024\/07\/Imagen-4-Web.jpg\" alt=\"\" class=\"kb-img wp-image-30\" srcset=\"https:\/\/pacoelventero.com\/wp-content\/uploads\/2024\/07\/Imagen-4-Web.jpg 1002w, https:\/\/pacoelventero.com\/wp-content\/uploads\/2024\/07\/Imagen-4-Web-300x154.jpg 300w, https:\/\/pacoelventero.com\/wp-content\/uploads\/2024\/07\/Imagen-4-Web-768x394.jpg 768w\" sizes=\"auto, (max-width: 1002px) 100vw, 1002px\" \/><\/figure><\/div>\n\n\n\n<p><strong>Espacios Compartidos:<\/strong><\/p>\n\n\n\n<p>Los espacios compartidos son: la entrada, el ba\u00f1o de la planta baja, las escaleras, el espacio de lavadora &#8211; plancha y la terraza.<\/p>\n\n\n\n<p>Desde la terrazas, las vistas durante el d\u00eda son espectaculares y por las noches el cielo nos regala una c\u00fapula plagada de estrellas que merece la pena disfrutar.<\/p>\n\n\n<style>.kb-image2_c378d3-5a .kb-image-has-overlay:after{opacity:0.3;}<\/style>\n<div class=\"wp-block-kadence-image kb-image2_c378d3-5a\"><figure class=\"aligncenter size-large\"><img loading=\"lazy\" decoding=\"async\" width=\"1024\" height=\"544\" src=\"https:\/\/pacoelventero.com\/wp-content\/uploads\/2024\/07\/Imagen-5-Web-1024x544.jpg\" alt=\"\" class=\"kb-img wp-image-31\" srcset=\"https:\/\/pacoelventero.com\/wp-content\/uploads\/2024\/07\/Imagen-5-Web-1024x544.jpg 1024w, https:\/\/pacoelventero.com\/wp-content\/uploads\/2024\/07\/Imagen-5-Web-300x159.jpg 300w, https:\/\/pacoelventero.com\/wp-content\/uploads\/2024\/07\/Imagen-5-Web-768x408.jpg 768w, https:\/\/pacoelventero.com\/wp-content\/uploads\/2024\/07\/Imagen-5-Web.jpg 1050w\" sizes=\"auto, (max-width: 1024px) 100vw, 1024px\" \/><\/figure><\/div>\n\n\n\n<p><strong>Los Corrales<\/strong>:<\/p>\n\n\n\n<p>En este espacio, en tiempos de mis abuelos se guardaban los animales y se usaba como cuarto de aseo.<\/p>\n\n\n\n<p>Actualmente se ha reconvertido en un aula de usos m\u00faltiples en donde se pueden hacer sesiones individuales, talleres u otras actividades conjuntas.<\/p>\n\n\n<style>.kb-image2_f46c5d-ff .kb-image-has-overlay:after{opacity:0.3;}<\/style>\n<div class=\"wp-block-kadence-image kb-image2_f46c5d-ff\"><figure class=\"aligncenter size-full\"><img loading=\"lazy\" decoding=\"async\" width=\"862\" height=\"772\" src=\"https:\/\/pacoelventero.com\/wp-content\/uploads\/2024\/07\/Imagen-6-Web.jpg\" alt=\"\" class=\"kb-img wp-image-32\" srcset=\"https:\/\/pacoelventero.com\/wp-content\/uploads\/2024\/07\/Imagen-6-Web.jpg 862w, https:\/\/pacoelventero.com\/wp-content\/uploads\/2024\/07\/Imagen-6-Web-300x269.jpg 300w, https:\/\/pacoelventero.com\/wp-content\/uploads\/2024\/07\/Imagen-6-Web-768x688.jpg 768w\" sizes=\"auto, (max-width: 862px) 100vw, 862px\" \/><\/figure><\/div>\n","protected":false},"excerpt":{"rendered":"<p>La Casa de Paco el Ventero: Conoce nuestra Historia: Despu\u00e9s de la guerra mi abuelo Paco sali\u00f3 de Berja para buscarse la vida. Conoci\u00f3 a mi abuela Dolores y tuvieron tres hijos: Lola, Paqui y Diego. Se compr\u00f3 un cortijo en el r\u00edo, en el camino de la Sierra de Cac\u00edn por el que pasaban&#8230;<\/p>\n","protected":false},"author":1,"featured_media":0,"parent":0,"menu_order":0,"comment_status":"closed","ping_status":"closed","template":"","meta":{"_kad_post_transparent":"default","_kad_post_title":"default","_kad_post_layout":"default","_kad_post_sidebar_id":"","_kad_post_content_style":"default","_kad_post_vertical_padding":"default","_kad_post_feature":"","_kad_post_feature_position":"","_kad_post_header":false,"_kad_post_footer":false,"_kad_post_classname":"","footnotes":""},"class_list":["post-2","page","type-page","status-publish","hentry"],"_links":{"self":[{"href":"https:\/\/pacoelventero.com\/index.php\/wp-json\/wp\/v2\/pages\/2","targetHints":{"allow":["GET"]}}],"collection":[{"href":"https:\/\/pacoelventero.com\/index.php\/wp-json\/wp\/v2\/pages"}],"about":[{"href":"https:\/\/pacoelventero.com\/index.php\/wp-json\/wp\/v2\/types\/page"}],"author":[{"embeddable":true,"href":"https:\/\/pacoelventero.com\/index.php\/wp-json\/wp\/v2\/users\/1"}],"replies":[{"embeddable":true,"href":"https:\/\/pacoelventero.com\/index.php\/wp-json\/wp\/v2\/comments?post=2"}],"version-history":[{"count":12,"href":"https:\/\/pacoelventero.com\/index.php\/wp-json\/wp\/v2\/pages\/2\/revisions"}],"predecessor-version":[{"id":44,"href":"https:\/\/pacoelventero.com\/index.php\/wp-json\/wp\/v2\/pages\/2\/revisions\/44"}],"wp:attachment":[{"href":"https:\/\/pacoelventero.com\/index.php\/wp-json\/wp\/v2\/media?parent=2"}],"curies":[{"name":"wp","href":"https:\/\/api.w.org\/{rel}","templated":true}]}}

<h1 class="wp-block-heading has-text-align-center p1"><em><b>La Casa de Paco el Ventero:</b></em></h1>



<p class="p2"><strong>Conoce nuestra <b>Historia</b>:</strong></p>



<p class="p3">Después de la guerra mi abuelo Paco salió de Berja para buscarse la vida. Conoció a mi abuela Dolores y tuvieron tres hijos: Lola, Paqui y Diego.</p>



<p class="p3">Se compró un cortijo en el río, en el camino de la Sierra de Cacín por el que pasaban los mulos y caballos que iban de la sierra a la capital <br>(de Laujar a Canjáyar).</p>



<p class="p3">En ese cortijo ofrecía productos del campo y el queso que hacía con la leche de las cabras que tenía. Como el camino era largo, algunas personas se quedaban a hacer noche en el cortijo, con lo cual se convirtió en una venta. Así empezó la trayectoria de su nombre: el Ventero.</p>



<p class="p3">Cuando volvía al pueblo, en Almócita, la gente lo conocía con el nombre de Paco el Ventero. Su casa era la actual, que ahora se ha modernizado convirtiendo los antiguos corrales y los secaderos en pequeñas habitaciones para hacer noche en Almócita.</p>



<p class="p3">De ahí ha surgido la idea de llamar a su casa, que es la misma que la de ahora en su forma básica: «La Casa de Paco el Ventero».</p>



<p><strong>Habitaciones:</strong></p>



<p>Las habitaciones son cuatro, de dos plazas cada una. Dos habitaciones disponen de camas de 1&#8217;50m. x 2&#8217;00m. y de 1&#8217;50m. x 1&#8217;80m. con armarios. Las otras dos habitaciones disponen de dos camas individuales de 0&#8217;90m. x 1&#8217;80m. Además de las habitaciones, se dispone de una cocina integrada en un salón comedor contiguo y un aseo con inodoro y ducha.</p>



<p>Habitaciones <strong>Los Bolillos:</strong></p>



<p>Se llama así porque cuando yo era pequeña, nos juntábamos las muchachas en la habitación que tenía un balcón porque era la más soleada, sobre todo en invierno, y allí nos dedicábamos a hacer labores: coser ropa, punto de cruz, vainica, hacer punto para bufandas y jerseys, pañitos de ganchillo y puntas de bolillos. Sí, hacíamos puntas con bolillos. Eso me sorprendió tanto que he bautizado este apartamento con su nombre porque los ¡descubrí allí!</p>



<p>Son dos habitaciones. Una de ellas dispone de una cama doble de 1&#8217;50m. x 1&#8217;80m. y la otra de dos camas individuales de 0&#8217;90m. x 2&#8217;00m. con un espacio de salón-comedor-cocina compartido y un aseo.</p>


<style>.kb-image2_f1b9e6-5b .kb-image-has-overlay:after{opacity:0.3;}</style>
<div class="wp-block-kadence-image kb-image2_f1b9e6-5b"><figure class="aligncenter size-full"><img loading="lazy" decoding="async" width="946" height="334" src="https://pacoelventero.com/wp-content/uploads/2024/07/Imagen-1-Web.jpg" alt="" class="kb-img wp-image-27" srcset="https://pacoelventero.com/wp-content/uploads/2024/07/Imagen-1-Web.jpg 946w, https://pacoelventero.com/wp-content/uploads/2024/07/Imagen-1-Web-300x106.jpg 300w, https://pacoelventero.com/wp-content/uploads/2024/07/Imagen-1-Web-768x271.jpg 768w" sizes="auto, (max-width: 946px) 100vw, 946px" /></figure></div>


<style>.kb-image2_b9c67c-33 .kb-image-has-overlay:after{opacity:0.3;}</style>
<div class="wp-block-kadence-image kb-image2_b9c67c-33"><figure class="aligncenter size-large"><img loading="lazy" decoding="async" width="782" height="1024" src="https://pacoelventero.com/wp-content/uploads/2024/07/Imagen-2-Web-782x1024.jpg" alt="" class="kb-img wp-image-28" srcset="https://pacoelventero.com/wp-content/uploads/2024/07/Imagen-2-Web-782x1024.jpg 782w, https://pacoelventero.com/wp-content/uploads/2024/07/Imagen-2-Web-229x300.jpg 229w, https://pacoelventero.com/wp-content/uploads/2024/07/Imagen-2-Web-768x1006.jpg 768w, https://pacoelventero.com/wp-content/uploads/2024/07/Imagen-2-Web.jpg 1090w" sizes="auto, (max-width: 782px) 100vw, 782px" /></figure></div>



<p>Habitación <strong>El Secadero:</strong></p>



<p>En el Secadero se colgaban los productos de la matanza, que se hacía en invierno una vez al año. Era la despensa de comida para toda la familia durante todo el tiempo restante hasta la matanza siguiente.</p>



<p>Habitación con cama doble de 1&#8217;50m x 2&#8217;00m, espacio de salón-comedor-cocina y aseo.</p>


<style>.kb-image2_b580a2-aa .kb-image-has-overlay:after{opacity:0.3;}</style>
<div class="wp-block-kadence-image kb-image2_b580a2-aa"><figure class="aligncenter size-full"><img loading="lazy" decoding="async" width="952" height="986" src="https://pacoelventero.com/wp-content/uploads/2024/07/Imagen-3-Web.jpg" alt="" class="kb-img wp-image-29" srcset="https://pacoelventero.com/wp-content/uploads/2024/07/Imagen-3-Web.jpg 952w, https://pacoelventero.com/wp-content/uploads/2024/07/Imagen-3-Web-290x300.jpg 290w, https://pacoelventero.com/wp-content/uploads/2024/07/Imagen-3-Web-768x795.jpg 768w" sizes="auto, (max-width: 952px) 100vw, 952px" /></figure></div>



<p>Habitación <strong>El Altillo:</strong></p>



<p>El Altillo era la habitación frente a la terraza. En la terraza se colocaban los tomates y pimientos para que se secaran al sol y luego se guardaban en el altillo.</p>



<p>Habitación con cama doble de 1&#8217;80m. x 2&#8217;00m. (estas camas se pueden separar y convertirse en dos camas individuales de 0&#8217;90m x 2&#8217;00m con espacio de salón-comedor-cocina y aseo.</p>


<style>.kb-image2_e8c79a-91 .kb-image-has-overlay:after{opacity:0.3;}</style>
<div class="wp-block-kadence-image kb-image2_e8c79a-91"><figure class="aligncenter size-full"><img loading="lazy" decoding="async" width="1002" height="514" src="https://pacoelventero.com/wp-content/uploads/2024/07/Imagen-4-Web.jpg" alt="" class="kb-img wp-image-30" srcset="https://pacoelventero.com/wp-content/uploads/2024/07/Imagen-4-Web.jpg 1002w, https://pacoelventero.com/wp-content/uploads/2024/07/Imagen-4-Web-300x154.jpg 300w, https://pacoelventero.com/wp-content/uploads/2024/07/Imagen-4-Web-768x394.jpg 768w" sizes="auto, (max-width: 1002px) 100vw, 1002px" /></figure></div>



<p><strong>Espacios Compartidos:</strong></p>



<p>Los espacios compartidos son: la entrada, el baño de la planta baja, las escaleras, el espacio de lavadora &#8211; plancha y la terraza.</p>



<p>Desde la terrazas, las vistas durante el día son espectaculares y por las noches el cielo nos regala una cúpula plagada de estrellas que merece la pena disfrutar.</p>


<style>.kb-image2_c378d3-5a .kb-image-has-overlay:after{opacity:0.3;}</style>
<div class="wp-block-kadence-image kb-image2_c378d3-5a"><figure class="aligncenter size-large"><img loading="lazy" decoding="async" width="1024" height="544" src="https://pacoelventero.com/wp-content/uploads/2024/07/Imagen-5-Web-1024x544.jpg" alt="" class="kb-img wp-image-31" srcset="https://pacoelventero.com/wp-content/uploads/2024/07/Imagen-5-Web-1024x544.jpg 1024w, https://pacoelventero.com/wp-content/uploads/2024/07/Imagen-5-Web-300x159.jpg 300w, https://pacoelventero.com/wp-content/uploads/2024/07/Imagen-5-Web-768x408.jpg 768w, https://pacoelventero.com/wp-content/uploads/2024/07/Imagen-5-Web.jpg 1050w" sizes="auto, (max-width: 1024px) 100vw, 1024px" /></figure></div>



<p><strong>Los Corrales</strong>:</p>



<p>En este espacio, en tiempos de mis abuelos se guardaban los animales y se usaba como cuarto de aseo.</p>



<p>Actualmente se ha reconvertido en un aula de usos múltiples en donde se pueden hacer sesiones individuales, talleres u otras actividades conjuntas.</p>


<style>.kb-image2_f46c5d-ff .kb-image-has-overlay:after{opacity:0.3;}</style>
<div class="wp-block-kadence-image kb-image2_f46c5d-ff"><figure class="aligncenter size-full"><img loading="lazy" decoding="async" width="862" height="772" src="https://pacoelventero.com/wp-content/uploads/2024/07/Imagen-6-Web.jpg" alt="" class="kb-img wp-image-32" srcset="https://pacoelventero.com/wp-content/uploads/2024/07/Imagen-6-Web.jpg 862w, https://pacoelventero.com/wp-content/uploads/2024/07/Imagen-6-Web-300x269.jpg 300w, https://pacoelventero.com/wp-content/uploads/2024/07/Imagen-6-Web-768x688.jpg 768w" sizes="auto, (max-width: 862px) 100vw, 862px" /></figure></div>

<p>La Casa de Paco el Ventero: Conoce nuestra Historia: Después de la guerra mi abuelo Paco salió de Berja para buscarse la vida. Conoció a mi abuela Dolores y tuvieron tres hijos: Lola, Paqui y Diego. Se compró un cortijo en el río, en el camino de la Sierra de Cacín por el que pasaban&#8230;</p>
